a(l).
1
Let p(f) = 2 + f**2 - 67*f + 67*f - 4. Let l(s) be the third derivative of s**4/24 + 2*s**3/3 + 2*s**2. Let n be l(-7). What is p(n)?
7
Suppose 8 = -w + 7. Let i(l) be the first derivative of -l**3/3 + l**2/2 - l - 2. Let p(a) be the first derivative of i(a). What is p(w)?
3
Let d(p) be the third derivative of -p**5/60 - 7*p**4/24 - 3*p**3/2 - 9*p**2. Determine d(-6).
-3
Let c = -2 - -1. Let y be -3 + 3 + -4 - -7. Let z = y + c. Let m(r) = r**3 - r**2 - 3*r + 3. What is m(z)?
1
Let j(n) = n**2 + 2*n. Suppose -15 = -2*b - 5*o, -4*b - 8 = 4*o - 32. Suppose 0*v + 15 = -b*v. Let y = 2 + v. Determine j(y).
-1
Let g(q) be the third derivative of q**5/60 + q**4/4 - 2*q**3/3 - 3*q**2. Give g(-6).
-4
Let l(o) = 2*o**3 - 9*o**2 + 8*o - 8. Let w(r) = 5*r**3 - 19*r**2 + 16*r - 17. Let f(g) = 7*l(g) - 3*w(g). Calculate f(-7).
-12
Let m(s) = -3*s - 24. Let q(h) = 2*h + 12. Let p(u) = 3*m(u) + 5*q(u). What is p(11)?
-1
Let l(a) = 14*a - 2 - 35*a - 7*a**2 + 15*a - a**3. Give l(-6).
-2
Let o(t) = t**2 - 3*t - 3. Let r be o(4). Let s(z) = z**3 + 2*z**2 - z. Determine s(r).
2
Let f(q) = 6*q**2 + 31 - 17 - 7*q - 9 - q**3. Suppose u = 2*u - 4. Give f(u).
9
Let d be (-1)/6 + (-1626)/(-36). Let m be -4*(d/(-12) - -3). Let w(v) = -2*v**2 + 3*v + v - v + 3. Calculate w(m).
-6
Let u(b) = 15*b - 5 + 15*b - 25*b + b**2. Determine u(-6).
1
Let k(i) be the second derivative of i**7/2520 - i**6/360 + i**5/40 + i**4/12 - 4*i. Let s(z) be the third derivative of k(z). Give s(3).
6
Let g(u) = -u. Let z(y) = 5*y + 3. Let s(f) = 3*g(f) + z(f). Suppose 0*r - 4*r - 20 = 0. Calculate s(r).
-7
Let u(k) be the second derivative of -k**5/20 - 5*k**4/12 + 2*k**2 + k. Suppose 3*i + 10 = q - 10, i = 2*q - 15. Calculate u(i).
4
Suppose -7*y - y = 40. Let v(h) = -h**3 - 6*h**2 - 6*h - 1. Determine v(y).
4
Let i(r) = -r**2 - 11*r + 12. Let d be i(-12). Let x(l) be the third derivative of l**6/120 - l**5/60 - l**4/24 + 2*l**3/3 - 2*l**2. What is x(d)?
4
Let n(w) = w - 8. Let b(g) = -g**2 - 2*g + 4. Let y be b(-3). Let u be (-2)/(y - 2) + -5. Let p be 6/(-9) + (-17)/u. Give n(p).
-3
Let o(i) = 4*i**3 + 8*i**2 + 4*i + 4. Let d(c) = -3*c**3 - 7*c**2 - 4*c - 4. Let h = -1 + 1. Suppose h = -5*t + 11 + 14. Let s(x) = t*d(x) + 4*o(x). Give s(4).
-4
Let q(w) = w**2 - 4*w - 7. Let t be q(6). Let h(n) = -7*n**3 + 12*n**2 + 9. Let o(l) = 6*l**3 - 11*l**2 + l - 8. Let b(c) = 5*h(c) + 6*o(c). Give b(t).
2
Let g(d) be the third derivative of -d**6/120 - d**5/10 - d**4/8 + d**3 + 21*d**2 + 2. Let t be (-2)/(-5)*(-4 + -1). Let m be (30/(-4))/(-3)*t. What is g(m)?
-4
Let k be (-16)/(-3) - (-2)/(-6). Suppose -3*n - 10 - k = 0. Let f(m) = m + 1. Determine f(n).
-4
Let v(i) = 6*i**2 + 0*i - 2 - 5*i**2 - 5*i. Let r be v(5). Let a(t) = t. Calculate a(r).
-2
Let d(z) be the second derivative of z**6/360 - z**5/12 + 7*z**4/24 - z**3/2 - 7*z. Let m(h) be the second derivative of d(h). What is m(6)?
-17
Let b be -1 + (2 - -3) + 3. Let g(h) = h + h + h**3 - b - 2*h. Calculate g(0).
-7
Let m(c) = c - 1. Let d(j) = -4*j + 8. Let b(q) = -d(q) - 5*m(q). Give b(6).
-9
Let t(j) = -5*j**2 - 6*j + 3. Let s(k) = k**2 - 1. Let v(x) = 4*s(x) + t(x). Let m(z) = -z**3 + 4*z**2 + 3*z + 5. Let r be m(5). Calculate v(r).
4
Let o(w) = -4*w + 0*w**3 + 2 - 135*w**2 - w**3 + 139*w**2. Determine o(3).
-1
Let k(o) = 2*o + 5*o - 5*o + 3 - o. Suppose -5*m - 10 = 0, 4*u = 6*u + m - 6. Suppose 3 = -u*w + 5*w. Determine k(w).
6
Let s(i) = i**2 - 5*i + 2. Suppose -5*p - 5*z - 3 = -33, -4 = -p + z. Suppose j + 2 = p*j + 2*o, 3*j + 2*o + 1 = 0. Give s(j).
-4
Let x(a) = a + 3. Let y(l) = l**3 + 9*l**2 + 3*l + 21. Let u be y(-9). Calculate x(u).
-3
Let v(z) = -z**2 - 8*z + 6. Let k be v(-8). Let f be (k/12)/(1/(-4)). Let m(x) = -x**2 - x - 1. Calculate m(f).
-3
Let n(f) = f - 6. Let c(h) = -2*h + 11. Let b(r) = -2*r + 1. Let v be b(-5). Let z(p) = v*n(p) + 6*c(p). Determine z(4).
-4
Let a = -7 - -5. Let c(u) be the first derivative of -u**2/2 + u - 76. Give c(a).
3
Let g(m) = -2 - 118*m + 64*m + 56*m. Let d be 1*(2 - (-2)/1). Give g(d).
6
Let u(s) = -s**2 - 4*s - s**2 + 3*s**2 - 5. Suppose f - 5*d - 8 = 0, 2*f - d - 32 = d. Suppose 3*y = -4*r + 8, 5*y - f = 3*r + 5. Give u(y).
-5
Let t(j) = j**3 + 6*j**2 + 4*j - 5. Suppose 5*k + 57 - 161 = n, -n = -3*k + 64. Suppose 2*h - k = 6*h. Let b be t(h). Let g(p) = -p - 1. Give g(b).
-1
Let y(w) = -3*w**3 + 2*w**3 - 5*w - 6*w**2 + w + 6. Let x(d) = 4*d**3 + 1. Let p be x(1). Let s = 0 - p. Calculate y(s).
1
Let q(c) = c**2 + 2. Let w(p) = -p - 8. Let o be w(-8). Let h be q(o). Let l(b) = -3*b**2 - h - 5*b**3 + 1 + 0*b - 2*b + 2*b**2. What is l(-1)?
5
Let x(n) = n**3 - 6*n**2 + 5*n + 3. Let c(p) = 5 + 19*p - 21*p - 3. Let f be c(-1). Determine x(f).
-9
Let z(s) be the second derivative of 7*s**5/20 - s**4/12 + s**3/6 - s**2/2 - 3*s. Let n be 0/(2 - (-2)/(-2)). Let a = 1 + n. Determine z(a).
6
Let d(u) = -2*u**2 + 4*u. Suppose -s - 4 = -5*s. Let b = 2 + s. Determine d(b).
-6
Let g(q) = -q. Let a = 85 - 83. Suppose 0 = n - 2*n - 6. Let s = n + a. Give g(s).
4
Let q(k) be the first derivative of k**4/24 + 5*k**3/6 + 2*k**2 - 4. Let a(n) be the second derivative of q(n). Determine a(-6).
-1
Let m be 1/(-3)*6*2. Let b(r) = -5*r - 4. Give b(m).
16
Let p be 0/((-2)/(-2 + 0)). Suppose 3*m + 3*c = 5*m + 16, -4*m + c - 12 = p. Let a(b) = 2 - b + 0*b - 1. Calculate a(m).
3
Let k(y) = -y**3 + 12*y**2 - 12*y + 10. Let v = -162 + 173. Determine k(v).
-1
Let h(v) = -v**2 - 2*v + 3. Suppose 5*g = 123 - 43. Suppose -k = 3*k - g. Suppose z + 2 = -0*z + f, 2*z + k*f = 20. What is h(z)?
-5
Let y be (-28)/(-21)*3/(-2). Let n(m) be the second derivative of 2*m + 0 + 1/20*m**5 + 0*m**2 + 1/6*m**3 + 1/12*m**4. Determine n(y).
-6
Let r(k) = k**3 - 7*k**2 - 2*k - 1. Let m(l) = -3*l**3 + 20*l**2 + 7*l + 4. Let b(v) = 4*m(v) + 11*r(v). Suppose -2*u = -4*p + 4 + 12, 2*p = 5*u. What is b(p)?
-15
Suppose 0*a = 3*a - 15. Let i = -7 + a. Let z(x) = x**3 + 8*x**2 - 3*x + 5. Let h(n) = n**3 + 9*n**2 - 4*n + 6. Let d(b) = 5*h(b) - 6*z(b). Give d(i).
0
Let i(q) = 5*q**3 - 9*q**2 - 9*q - 8. Let c(v) = -6*v**3 + 10*v**2 + 10*v + 8. Let z(g) = -4*c(g) - 5*i(g). Give z(6).
2
Let l = 19 - 16. Let r(t) be the first derivative of -5*t - 1/3*t**l - 1 + 3*t**2. Give r(5).
0
Let t(b) = -b**3 - 4*b**2 - 2*b - 6. Let f be t(-4). Suppose -2*w + 7*o - 1 = f*o, 5 = 5*w - 5*o. Let d(x) = -2*x - 2. Determine d(w).
-6
Let s(x) = -x**3 + x**2 - 2*x. Let l be s(0). Let i(h) be the second derivative of 2*h - h**2 + 1/2*h**3 + l - 1/6*h**4 + 1/20*h**5. Give i(2).
4
Let j(a) = 5*a**2 - 6*a - 2. Let g = -9 - -12. Let z(f) = 2*f**2 - 3*f - 1. Let b(q) = g*j(q) - 7*z(q). What is b(-5)?
11
Let w(b) be the second derivative of -b**3/6 + 7*b**2/2 + 2*b. Give w(7).
0
Let x(m) = -3*m**2 + m - 3. Let b(q) = 8*q**2 - 4*q + 10. Let z = -14 - -16. Let v(a) = z*b(a) + 7*x(a). Determine v(-1).
-5
Let u(m) = m**2 - 5*m + 2. Let l be u(5). Let j(i) = 0 - 3*i + l - 1. Calculate j(4).
-11
Let y = -9 - -13. Let x(n) = y*n + 1 - 2*n - 3*n. What is x(2)?
-1
Let m(n) = 1. Let u(t) = t - 16. Let y(s) = 4*m(s) + u(s). Determine y(0).
-12
Let v(f) = -f**3 + 2*f**2 + f - 1. Let i be v(2). Let j(m) = 8*m - 1. Let q(t) = 7*t - 1. Let y(s) = 5*j(s) - 6*q(s). Determine y(i).
-1
Suppose -5 = h + 4*h. Let c(o) = o - 8. Let y be c(8). Let r = h - y. Let w(d) = 4*d**3 + d**2 - 1. Calculate w(r).
-4
Suppose 0*i = -3*i + 6. Let k(a) = 0 - a - a**3 - 2*a**2 + 2*a**3 + 3 - i. Give k(2).
-1
Let c(i) = 9*i + 16. Let w(y) = -19*y - 32. Let j(g) = 13*c(g) + 6*w(g). Let f(t) = 4*t + 17. Let m(p) = -2*f(p) + 3*j(p). Calculate m(-6).
8
Let n(t) be the first derivative of -t**3/3 + 3*t**2 + t - 5. Determine n(5).
6
Suppose -2*w + w + 2 = 0. Suppose 0 = 4*y - 4. Let f(q) = 2*q**w - 7 + y - q**2 - q**3. Give f(0).
-6
Suppose -4*v + 3*v = -6. Let x(p) = -10*p - 5 + 4*p**3 - 3*p**3 + 5*p - 5*p**2. What is x(v)?
1
Let h(i) = -2*i - 4. Let t(r) = r + 1. Let c(k) = 5*h(k) + 20*t(k). Let v(d) = 3*d - 1. Let w be v(2). Suppose -f = -w*f - 4. Determine c(f).
-10
Let i(k) = -3 + 329*k - 330*k - 2. Calculate i(6).
-11
Let w = 13 - 11. Suppose k = w*k + 5. Let i(r) = -r - 11. Determine i(k).
-6
Suppose 14*o - 7*o - 21 = 0. Let g(n) = -1 - n**3 - 3*n + 1 + 1 + 5*n**2. Give g(o).
10
Suppose 0 = r - 1 + 3. Let h = r